27 + 1521. Calculate the remainder when 937 is divided by u.
91
Let q(w) = -69*w - 6. Let z(i) = 14*i + 1. Let o(r) = -4*q(r) - 22*z(r). Let n = 22 + -24. Calculate the remainder when o(n) is divided by 23.
20
Let d(z) = -2*z + 18. Let g be d(5). Suppose -134 = -g*c - 14. What is the remainder when 117 is divided by c?
12
What is the remainder when 166/3 + -10*(-3)/18 is divided by 20?
17
Suppose -p - s + 171 = 12, 15 = -5*s. What is the remainder when p is divided by 37?
14
Let s = 6 - -2. Let i = -144 + 189. What is the remainder when i is divided by s?
5
Suppose 677*i + 252 = 684*i. Suppose -17 = -3*n + 22. Calculate the remainder when i is divided by n.
10
Let k(o) = 7*o**2 + o. Let p be k(1). Suppose 20 = 3*a + p. Let d = -23 - -34. Calculate the remainder when d is divided by a.
3
Let g(p) be the third derivative of p**4/8 + p**3/6 - 16*p**2. Calculate the remainder when 42 is divided by g(7).
20
Suppose -4*i + 2888 = 4*c, -4*c + 16 = -4. Calculate the remainder when i is divided by 103.
99
Suppose 0 = -2*c + c + 4*v + 118, 5*c = v + 495. Calculate the remainder when c is divided by 11.
10
Suppose 2*y - 5*y = -165. Suppose c = -w + 11, -18*c - 5*w + 39 = -15*c. Calculate the remainder when y is divided by c.
7
Let s = -65 + 74. Suppose -2*n + s + 101 = 4*o, 4*n + 2*o = 220. What is the remainder when n is divided by 31?
24
Let s = 71 + -67. Calculate the remainder when 45 is divided by ((-12)/(-16))/(-3)*s*-8.
5
Suppose 5*s + 4*v = 74, -5*v = -6*s + s + 65. Suppose s = 2*k - 8. Suppose d + x = 2, 2*d - d = 2*x + k. Calculate the remainder when 17 is divided by d.
2
Let x be 4 - -1 - (-2)/(-1). Suppose 2*t + 14 - 88 = -3*r, -3*r = x*t - 105. Calculate the remainder when t is divided by 9.
4
Let s(w) = 5*w + 12. Let d(z) = 14*z + 35. Let p(o) = 6*d(o) - 17*s(o). Let k be p(-4). What is the remainder when 64 is divided by k/35 - (-304)/14?
20
Suppose -10 = -2*n - l, 4*l - 8 - 2 = -2*n. Suppose n = -3*i + 14. What is the remainder when i is divided by 2?
1
Suppose -40 = 10*j - 390. Suppose -3*s = -j - 7. Calculate the remainder when 24 is divided by s.
10
Let s = -601 - -2721. Let t be (-1)/(-5) - s/(-25). Calculate the remainder when (t/(-15))/(1/(-3)) is divided by 9.
8
Let g be (6 + -1)*(-63)/(-15). Suppose 0*u + 3*a - 3 = u, -u - 3*a + g = 0. Calculate the remainder when u is divided by 2.
1
Let n(l) = 299*l**2 - 52*l + 52. Calculate the remainder when n(1) is divided by 100.
99
Let b(w) = w**3 + 3*w**2 - 2*w - 2. Let g be b(3). What is the remainder when (g + -4)/(1/1) is divided by 9?
6
Let z = -123 + 126. Calculate the remainder when 23 is divided by ((-36)/8)/(z/(-4)).
5
What is the remainder when 1045/((-110)/(-10)) - -8 is divided by 31?
10
Let v(g) = -4*g**3 - 8*g - 8. What is the remainder when v(-3) is divided by 46?
32
Let w = 110 + 264. What is the remainder when w is divided by 76?
70
Suppose 2*y + 2*b - 1 = -3*b, -b = -2*y + 7. Suppose -2*f + 3*m + y = -9, -f = m - 11. Suppose 5*r - 2*r - f = 0. What is the remainder when 9 is divided by r?
0
Suppose 8*p - 4*z - 12 = 3*p, -z - 6 = -2*p. What is the remainder when p is divided by 3 + (-2 - (-6 + 3))?
0
Let h be 0 + (3 - 4) + 3. What is the remainder when 54 - 2*(h - 4) is divided by 12?
10
Suppose 15 = 5*a - 0*a, 4*g = 5*a - 79. Let w = -9 - g. Calculate the remainder when 11 is divided by w.
4
Suppose -2*j + 22 = -162. Let u = -10277 - -10311. What is the remainder when j is divided by u?
24
Let p(q) = -q**3 + 13*q**2 + 52*q + 1. What is the remainder when p(12) is divided by 11?
10
Let w(z) = z**3 - z**2 + z - 1. Let n(l) = -7*l**3 - l**2 - 11*l + 5. Let g(c) = n(c) + 6*w(c). Calculate the remainder when g(-8) is divided by 27.
22
Let z(w) = -42*w**3 + w**2 - 5*w - 5. What is the remainder when z(-1) is divided by 26?
17
Let s(o) = -o + 2. Let w be 8*(-1)/2*2/2. What is the remainder when 20 is divided by s(w)?
2
Let o(d) = -12*d + 366. What is the remainder when 239 is divided by o(28)?
29
Let p(n) = -2*n**2 - 4*n. Let y be p(-3). What is the remainder when 26 is divided by y - -3 - (-12 + -1 - 1)?
4
Suppose -22*n = -12*n - 130. What is the remainder when 206 is divided by n?
11
Let t(o) = o**2 - 29*o - 43. What is the remainder when 180 is divided by t(31)?
9
Let x = -4 + 31. Let i = -15 + x. Let r(z) = -z**3 + 26*z**2 + 27*z + 3. What is the remainder when i is divided by r(27)?
0
Suppose 0*p = 3*p - 30. Suppose 0 = -a + 7 + p. Suppose -47*z = -48*z - 4*q + 62, 241 = 5*z - 3*q. Calculate the remainder when z is divided by a.
16
Let h(f) = -2*f**2 - 18*f + 5. Let w(o) = 5*o**2 + 6*o + 4. Calculate the remainder when w(-4) is divided by h(-8).
18
Let d(f) = f**3 + 35*f**2 - 74*f + 109. What is the remainder when 1194 is divided by d(-37)?
104
Let d(r) = 2*r + 1. Let k(b) = -5*b - 2. Let i(u) = -9*d(u) - 4*k(u). Calculate the remainder when 43 is divided by i(6).
10
Let k(r) = 9*r**2 - 12*r + 7. Calculate the remainder when 202 is divided by k(3).
46
Suppose -p + 4*v = 1, 5*v - 8 = p - 2. Calculate the remainder when 202 is divided by p.
12
Let j(c) = 14*c**2 - 3*c - 1. Let y be (24/(-36))/((-4)/6). Let u(m) = 21*m**3 + m**2 - 1. What is the remainder when j(-2) is divided by u(y)?
19
Let m(t) = t**3 + 15*t**2 + 27*t - 24. Calculate the remainder when m(-11) is divided by 34.
27
Let d(q) = -q**2 + 45*q - 152. Calculate the remainder when 104 is divided by d(41).
8
Suppose -5*u + o = -165, 5*u = 8*u - 2*o - 106. What is the remainder when u is divided by 23?
9
Suppose -g - 3*g + 584 = 0. Let x be g/((-8)/(-7 - -3)). Suppose 5*q - q - 5*c - 161 = 0, -2*q + c = -x. Calculate the remainder when 134 is divided by q.
32
Let q(t) = 4*t - 31. Calculate the remainder when 168 is divided by q(22).
54
Let l(v) = v**2 - 2*v - 8. Let j(c) = 3*c - 2. Let x be j(-1). Let g be l(x). What is the remainder when g - 1/((-3)/12) is divided by 17?
14
Let b = 7 + 6. Calculate the remainder when 37 is divided by 268/14 - b/91.
18
Suppose 13 + 22 = 5*w. Let j(u) = 16*u - 22. What is the remainder when j(w) is divided by 24?
18
Let c(n) = -n**3 - 5*n**2 + 14*n + 28. What is the remainder when 362 is divided by c(-7)?
26
Suppose 0*l - 3*l + 18 = 0. Calculate the remainder when 22 is divided by l*10/(-45)*-3.
2
Let o = 47 - 40. What is the remainder when 229 is divided by o?
5
Suppose 85 = 5*d - 0*d. Let w(b) = -b - 9. Let l be w(-14). Suppose -5*r = -3*c + 179, 0*c - 2*c - l*r = -136. What is the remainder when c is divided by d?
12
Calculate the remainder when 403 is divided by (-2 + 3 + -4)*(-82)/6.
34
Suppose 3*i + 1 = k, 26 = -5*i - 4*k - 4. Let g be 37 + 4/(-3 - i). Let u = g - 27. What is the remainder when 28 is divided by u?
4
Let t = -756 - -823. What is the remainder when t is divided by 17?
16
Let g be 23 - (20/9 + (-24)/108). Suppose -22*w = -g*w - 33. Calculate the remainder when w is divided by 8.
1
Suppose -11*m + 200 = -262. Let f = 24 + -13. Calculate the remainder when m is divided by f.
9
Let z(l) = 57*l**2 - l + 2. Let r be z(1). Suppose 0 = -t - 0*t + r. What is the remainder when t is divided by 22?
14
Let h be (-6)/15 - 12/(-5). Suppose l - h + 0 = -s, -2*s + l + 1 = 0. Calculate the remainder when s is divided by 2/((-4)/18 - (-20)/9).
0
Suppose 70*o - 10 = -2*i + 71*o, 0 = -i + o + 3. What is the remainder when 285 is divided by i?
5
Let m = 43 + -25. Let r(u) be the third derivative of -u**6/40 - u**5/6 - u**4/4 - 5*u**3/6 - 4*u**2. What is the remainder when r(-4) is divided by m?
15
Let h(n) = 3*n + 11 + 18 - 35. Let x be h(3). Suppose -x*d = 229 - 592. What is the remainder when d is divided by 31?
28
Let y(a) = 4*a**2 + 146*a - 172. Calculate the remainder when y(-40) is divided by 15.
13
Suppose -q + 35 = -m + 4*q, -55 = 5*m + 5*q. What is the remainder when (12/m)/(-1 - 513/(-515)) is divided by 52?
50
Let x be -4 + 1*56/4. Let t(d) = -d**3 + 11*d**2 - 8*d - 8. Let j(p) = 2*p**2 - p + 1. Calculate the remainder when t(x) is divided by j(2).
5
Suppose -2*p + 186 + 20 = 0. Suppose p = -4*f + 11. Let a = f + 29. Calculate the remainder when 14 is divided by a.
2
Let d be (4*-18)/(6/(-20)). Suppose 0 = 2*s + s - d. Suppose 2*r = -4*c - 2*r + s, 3*c - 64 = r. What is the remainder when 60 is divided by c?
18
Let m be 8 + -3 + -2 - 14. Let f = 9 + m. Calculate the rema